2 + b + 8. Let n be (3/6 + -1)*0. Determine z(n).
8
Let a = -1 - -3. Let q(l) = l**2 + 1 + 1 - 5*l + 0*l + 1. Give q(a).
-3
Let b(y) = y**2 - 5*y - 5. Let w(p) be the first derivative of p**2/2 - p + 5. Let o = 18 - 11. Let r be w(o). Give b(r).
1
Let x be 1 + (5 - (2 + 0)). Let o(m) = m**2 - 5*m + 4. Calculate o(x).
0
Let g be (2 + 0)/((-8)/(-16)). Let j(a) = 0*a - g*a + 6 - 6 + 1 - a**3 - 7*a**2. Give j(-6).
-11
Let d(t) = -6*t**3 + 9*t**2 + 4*t + 9. Let f(g) = 7*g**3 - 10*g**2 - 5*g - 10. Let u(a) = -6*d(a) - 5*f(a). Let o = 9 + -5. Give u(o).
0
Let f(r) = 3*r - 1. Let o be 3 - -2*(-5 + 4). What is f(o)?
2
Let n(s) = -s. Let a = -40 + 59. Suppose -5*h + 30 = 5*x, 4*x - 3*h + 2*h - a = 0. Suppose -26 = x*k - 1. Determine n(k).
5
Let p(d) be the second derivative of d**5/20 + 5*d**4/12 + d**3/3 - d**2 - 7*d. Determine p(-4).
6
Let p(j) = 2*j**3 + j**2 - j + 1. Suppose -11 - 4 = -4*y - 3*n, 0 = 3*y + 5*n - 14. Suppose -l + y = 5. What is p(l)?
-9
Let o(z) = 9*z + 2. Let i be o(-1). Let a(u) = u + 14. What is a(i)?
7
Let h be -2*(-1 - 0 - -2). Let x be 0 + -2 - (-10 - h). Let m(a) = -a**3 + 7*a**2 - 4*a - 8. What is m(x)?
4
Let g = -17/2 - -9. Let h(d) be the first derivative of 2*d - 1 + g*d**2. What is h(-4)?
-2
Let x(l) = -l**2 + 3*l + 2. Let n(w) = -4*w - 10. Let d(o) = -1. Let i(f) = 2*d(f) + n(f). Let s be i(-4). What is x(s)?
-2
Let y(t) = -3*t + 3. Let i(j) = -5*j + 5. Suppose -5*o - 28 = -8. Let x(r) = o*i(r) + 7*y(r). Give x(2).
-1
Let z be (-3)/(4/((-48)/(-9))). Let w be ((-9)/(-3))/(-3) - z. Let j(b) = 2*b**3 - 2*b**3 - w + 4*b**2 - 2*b - b**3. Give j(3).
0
Let r(t) = -t**3 - 4*t**2 + 6*t + 5. Let a = 11 - 8. Let o(f) = -f - 2. Let m be o(a). Determine r(m).
0
Let s be (-10)/(-8) - 7/28. Let g(h) = s - h + 3 + 5*h - h. Suppose 0*c + 3*c = -9. What is g(c)?
-5
Let g(x) be the first derivative of 1/3*x**3 + 2 - 2*x - 1/2*x**2. Give g(3).
4
Let b(y) = -y**2 - y - 2. Let f = 8 - 3. Suppose f = w + 3. Let t = 0 - w. Determine b(t).
-4
Let s(t) = -t**2 - 7*t - 2. Let n(z) = -z**3 + 7*z**2 - 3*z - 3. Let l be n(6). Suppose -l = 4*f - f. What is s(f)?
8
Let s(y) = y - 37 + 68 - 37. Give s(5).
-1
Suppose 0*r + 2*d = 2*r + 2, 23 = 5*r + 2*d. Let g(f) = 4*f**3 + 2*f**2 + 9*f. Let h(n) = 3*n**3 + 2*n**2 + 8*n. Let z(w) = -4*g(w) + 5*h(w). What is z(r)?
3
Let q(g) = -6*g**3 + 1. Suppose 0 = -y - 8 + 9. Give q(y).
-5
Let b(m) = m**2 - m - 3. Let l(t) = -t - 6. Let p be l(-8). Let k = p - -2. Determine b(k).
9
Let n(t) = 17*t**2 - 10*t**2 - t - 4 + t**3 - t**2. Calculate n(-6).
2
Let w = -5 + 8. Let k(f) = f**2. Let u(y) = 4*y**2 - 2. Let x(o) = -3*k(o) + u(o). Give x(w).
7
Let v(f) = -11*f - 3 - 5*f - f**2 - 11*f + 24*f. What is v(-4)?
-7
Let a(d) = -d**3 - 4*d**2 + 4*d - 6. Let g = 16 + -13. Let o = -2 - g. Determine a(o).
-1
Let r(n) = -n**3 - n + 4. Suppose 0 = i - 3*y + 14, -5*i - y + 0*y = 6. Let s be 20/(-90) + i/(-9). Determine r(s).
4
Let w be 20/(-6) - (-2)/(-3). Let r be (14 - 4)*2/w. Let z(s) = s + 4. Give z(r).
-1
Let l(s) = -s**2 - 6*s + 2. Let r(w) = 3*w**2 + 13*w - 5. Let x(u) = -5*l(u) - 2*r(u). What is x(3)?
3
Let t(v) be the first derivative of -3*v**2/2 - 6*v + 11. Calculate t(-4).
6
Let m(v) be the second derivative of -v**5/20 - v**4/4 - v**3/3 + v**2/2 - v + 1. Suppose -12 = 4*f - 0. Give m(f).
7
Let z(c) be the first derivative of -c**4/4 + 2*c**3 + c**2/2 - 6*c + 27. Let y = 8 + -2. Calculate z(y).
0
Let m(j) = -j**2 + 8*j - 4. Let w(c) = 2*c**2 - 17*c + 9. Let v(k) = -5*m(k) - 2*w(k). What is v(6)?
2
Let v(q) = -q - 1. Let l(g) = -7*g - 4. Let b(x) = l(x) - 6*v(x). Give b(2).
0
Suppose n + 4*u - 8 = 0, 0 = 5*n + 2*u - 5 + 1. Let k(a) = -a + 3 - 3 + n*a - 9. What is k(-6)?
-3
Let l(k) = k - 4. Let p(d) = d. Let x(w) = -l(w) + 2*p(w). Suppose 4*z + 21 = 3*i, 2*i = 6*i + 3*z - 3. Suppose -5 - 10 = i*y. Give x(y).
-1
Let a = -5 - -8. Let s(x) = -14 + 7 - 3*x + x**a + 2*x. What is s(0)?
-7
Let s(g) be the first derivative of g**4/4 + g**3/3 - g**2/2 + 3*g - 25. Give s(0).
3
Let q = 9 - 16. Let c(n) = -5*n + 11 + 0*n + 6*n + n. Let u(b) = -b - 6. Let x(j) = q*u(j) - 4*c(j). Calculate x(-4).
2
Let w = -37 - -19. Let i be (-6)/4*24/w. Let q(y) = y - 4*y - i*y - y**2 - 2*y**2 + 4 + y**3. Calculate q(3).
-11
Let n(k) = k**3 - 2*k**2 - 5*k + 4. Suppose -5*f - 13 = j - f, -8 = 2*f. Give n(j).
-2
Suppose -3*y - 15 = -0. Let t(i) = 28*i - 16. Let f(k) = 9*k - 5. Let r(v) = 7*f(v) - 2*t(v). Let d(o) = 6*o - 3. Let w(b) = 6*d(b) - 5*r(b). Determine w(y).
-8
Let n(o) = -o**2 - 4. Let a(l) = l**3 - 4*l**2 - 2*l. Let k be a(4). Let r(h) = -h**3 - 8*h**2 + h. Let f be r(k). Let w be 2/f + (-2)/(-8). Give n(w).
-4
Let l(q) = q**2 - 10*q - 6. Let k(n) = -2*n**2 + 21*n + 13. Let b(g) = -6*k(g) - 13*l(g). Give b(3).
3
Let h(y) be the first derivative of -5/2*y**2 + 5/3*y**3 - 1/4*y**4 + 4*y - 3. Calculate h(3).
7
Let i(b) = -b**2 - 9*b + 11. Let x be (-41)/6 - 2/12 - 3. Determine i(x).
1
Let d = -2 + -3. Let w(z) = -2*z - 4. Let m(q) = -1. Let o(t) = d*m(t) + w(t). Let r be (12/(-9))/((-2)/6). Calculate o(r).
-7
Let r = 97 + -287/3. Let h(c) be the second derivative of -3*c**2 - 7/12*c**4 - 2*c + r*c**3 + 1/20*c**5 + 0. Determine h(6).
6
Let p(i) be the second derivative of 2*i**3/3 + 5*i. Determine p(3).
12
Suppose 3*f - 10 = 4*y + 18, -y - 4*f = -12. Let u(j) be the first derivative of j**4/4 + 2*j**3 + 3*j**2 + 3*j + 1. Give u(y).
11
Let j(g) be the first derivative of -4*g**3/3 - g**2/2 + 1. Let l = 13 - 26. Let z = -12 - l. Determine j(z).
-5
Let g(t) = t**3 + 8*t**2 + 8*t + 3. Let o be g(-7). Let d(u) = -4*u + 4. What is d(o)?
20
Let d(x) = -x + 3. Let p be d(3). Suppose 5*j = u - 23 - p, 31 = -4*j + 5*u. Let s(z) = -z**3 - 4*z**2 + z - 1. Give s(j).
-5
Let r(h) = -h**3 + 5*h**2 - 3*h - 4. Let z = -10 + 14. Let x be r(z). Let d(o) = 2 - 5*o + o + 3*o. Calculate d(x).
2
Let i(p) = -p + 3. Let r(w) = w**2 - 11*w - 5. Let q(o) = o**3 - 9*o**2 + 9*o + 3. Let d be q(8). Let n be r(d). Calculate i(n).
8
Suppose -3*w - 2 = -2*w. Let p(z) = z**2 - z - 1. Let v(c) = -2*c**2 - 4*c + 3. Let n(d) = -p(d) + v(d). Let m(u) be the first derivative of n(u). What is m(w)?
9
Let m(n) = 12 + 7 - 15 - n. Let d(u) = 6*u**2 - 1. Let a(q) = q**2 - q - 1. Let i(y) = 5*a(y) - d(y). Let x be i(-4). What is m(x)?
4
Let b(s) = 21 - s**3 - 21 - s. Determine b(-2).
10
Let y(k) = k**2 + 6*k - 3. Suppose 0 = 2*x + 27 - 13. What is y(x)?
4
Let c(w) = w**3 + w**2 - w + 3. Let y(g) = g**2 - 2*g - 1. Let b be y(3). Suppose 2 = -t, -v = -3*v - t - b. Determine c(v).
3
Suppose -x + 5*b + 5 = 4*b, 5*x - 27 = 4*b. Let r = 4 - x. Let z(s) = s**3 + s**2 - 3*s + 4. Determine z(r).
-5
Let s(m) be the second derivative of m**8/6720 - m**7/504 - m**6/120 - m**4/4 + m. Let o(w) be the third derivative of s(w). What is o(6)?
0
Let p(k) be the third derivative of -k**6/120 - k**5/10 - k**3/2 + 4*k**2. Calculate p(-6).
-3
Let s(x) = -x**3 + 7*x**2 - 5*x - 1. Let i be s(6). Suppose -1 = i*g + 4. Let u be (g/(-2))/(3/6). Let h(z) = z. Calculate h(u).
1
Let r = 21 - 24. Let b(g) = -2*g + 2. Determine b(r).
8
Suppose -4*z + 7*z = -15. Let x be 4/z*25/(-10). Suppose x*n = 4*n + 2. Let q(v) = -v**2 - v. Give q(n).
0
Let c be 1/(-1)*(-3 - 10). Suppose j - 2*o - 11 = -2*j, 3*j - o - c = 0. Suppose j = -5*y - 10. Let x(m) = 2*m**2 + 4*m - 1. Determine x(y).
5
Let x(s) be the first derivative of -s**2/2 + 43. Give x(0).
0
Let x(u) = -1 - 5*u + 3*u - 2*u. Let r(s) = -2*s + 9. Let b be r(6). Calculate x(b).
11
Let p(i) = 4*i + 2. Let j(u) = u**2 + 4*u + 4. Let x(s) = -2*s**2 - 7*s - 7. Let f(t) = 5*j(t) + 2*x(t). Let l be f(-4). Calculate p(l).
-6
Suppose 0 = j - 1 - 5. Suppose -5*m - 2*z - z = 2, -2*m + 4*z = j. Let q(s) be the second derivative of -s**5/20 + 30*s. What is q(m)?
1
Let w be 8/(-6)*(-3)/(-2). Let f(r) be the third derivative of -1/6*r**3 + 13*r**2 + 0 + 0*r + 1/6*r**4. Calculate f(w).
-9
Suppose -7*j - 20 = -2*j. Let y(m) = m + 4. Determine y(j).
0
Let y(t) be the third derivative of -t**6/120 + t**5/12 - t**4/6 + 5*t**3/6 + 9*t**2. Give y(4).
5
Let z(b) be the second derivative of -b**4/3 + b**3/3 + b**2/2 - 4*b. What is z(2)?
-11
Let n be -2 - (1 + (-1)/1). Let u(p) be the second derivative of -p**8/6720 + p**6/720 + p**4/12 + p. Let o(r) be the third derivative of u(r). Determ